dred thousands digit of 271837041?
8
What is the ten thousands digit of 307288319?
8
What is the hundred thousands digit of 104907180?
9
What is the ten thousands digit of 78044303?
4
What is the hundreds digit of 905217515?
5
What is the thousands digit of 381842249?
2
What is the millions digit of 76069256?
6
What is the hundred thousands digit of 5506179200?
1
What is the tens digit of 678868469?
6
What is the tens digit of 480285487?
8
What is the thousands digit of 19474114?
4
What is the thousands digit of 325885062?
5
What is the hundred thousands digit of 45095240?
0
What is the hundred thousands digit of 64396164?
3
What is the units digit of 629142287?
7
What is the hundred millions digit of 189202848?
1
What is the tens digit of 84829053?
5
What is the ten thousands digit of 92636104?
3
What is the hundred millions digit of 1325501417?
3
What is the hundreds digit of 202691525?
5
What is the ten thousands digit of 910325737?
2
What is the billions digit of 1507485140?
1
What is the units digit of 16694773?
3
What is the thousands digit of 302336876?
6
What is the ten millions digit of 33139924?
3
What is the tens digit of 1751426732?
3
What is the ten millions digit of 192878297?
9
What is the hundred millions digit of 118599676?
1
What is the thousands digit of 57500405?
0
What is the hundreds digit of 78505537?
5
What is the hundreds digit of 99543859?
8
What is the hundreds digit of 95655803?
8
What is the hundred thousands digit of 30343725?
3
What is the thousands digit of 43011948?
1
What is the hundreds digit of 113987697?
6
What is the hundred millions digit of 1314385987?
3
What is the hundred thousands digit of 291850690?
8
What is the units digit of 810370063?
3
What is the hundred thousands digit of 5101682588?
6
What is the hundreds digit of 140962928?
9
What is the hundreds digit of 359655492?
4
What is the thousands digit of 59632984?
2
What is the units digit of 9075730?
0
What is the ten thousands digit of 1152842346?
4
What is the ten thousands digit of 1454523929?
2
What is the units digit of 13484163?
3
What is the millions digit of 3350173609?
0
What is the ten millions digit of 207605990?
0
What is the hundred thousands digit of 126011148?
0
What is the tens digit of 55100003?
0
What is the ten thousands digit of 155575210?
7
What is the millions digit of 1434226775?
4
What is the thousands digit of 5118262013?
2
What is the ten thousands digit of 1003482076?
8
What is the units digit of 686545451?
1
What is the hundreds digit of 9041248745?
7
What is the hundred thousands digit of 7771635395?
6
What is the hundred thousands digit of 32143896?
1
What is the hundred thousands digit of 11343762?
3
What is the ten thousands digit of 2508966667?
6
What is the hundred thousands digit of 84140490?
1
What is the hundred thousands digit of 1897686196?
6
What is the tens digit of 18179148?
4
What is the units digit of 146546943?
3
What is the units digit of 26179671?
1
What is the hundred millions digit of 527610457?
5
What is the millions digit of 15220477?
5
What is the units digit of 444059693?
3
What is the hundreds digit of 7148138?
1
What is the hundred millions digit of 220869020?
2
What is the hundreds digit of 430191061?
0
What is the ten millions digit of 678167857?
7
What is the tens digit of 469130384?
8
What is the thousands digit of 48310005?
0
What is the millions digit of 8021724050?
1
What is the thousands digit of 76785533?
5
What is the millions digit of 79167036?
9
What is the units digit of 36973810?
0
What is the ten thousands digit of 3573661325?
6
What is the tens digit of 1681816329?
2
What is the hundred millions digit of 8195392973?
1
What is the hundreds digit of 88524181?
1
What is the units digit of 270425357?
7
What is the units digit of 74813106?
6
What is the hundred thousands digit of 704754650?
7
What is the ten millions digit of 718558358?
1
What is the millions digit of 34643532?
4
What is the hundred millions digit of 186716404?
1
What is the thousands digit of 684338418?
8
What is the ten thousands digit of 76085515?
8
What is the millions digit of 1141722?
1
What is the tens digit of 436313355?
5
What is the units digit of 7294170?
0
What is the units digit of 646624965?
5
What is the units digit of 318757955?
5
What is the ten thousands digit of 328903470?
0
What is the hundred thousands digit of 954589442?
5
What is the units digit of 124030604?
4
What is the thousands digit of 2021830819?
0
What is the ten thousands digit of 33429404?
2
What is the billions digit of 1429476028?
1
What is the hundred thousands digit of 259174473?
1
What is the thousands digit of 70435126?
5
What is the units digit of 1625047445?
5
What is the hundreds digit of 63930441?
4
What is the hundreds digit of 67323999?
9
What is the thousands digit of 37550831?
0
What is the hundred thousands digit of 3183494645?
4
What is the hundreds digit of 2020135120?
1
What is the thousands digit of 24955494?
5
What is the millions digit of 70619504?
0
What is the tens digit of 2796925586?
8
What is the hundred thousands digit of 15623862?
6
What is the tens digit of 321843435?
3
What is the ten millions digit of 518598836?
1
What is the tens digit of 328137486?
8
What is the units digit of 2643079455?
5
What is the millions digit of 3280695934?
0
What is the ten thousands digit of 16924023?
2
What is the hundred millions digit of 2684955594?
6
What is the hundred thousands digit of 1960553603?
5
What is the millions digit of 102559467?
2
What is the tens digit of 76554230?
3
What is the ten thousands digit of 873730108?
3
What is the hundred thousands digit of 102489981?
4
What is the tens digit of 708141229?
2
What is the hundred millions digit of 1830096317?
8
What is the hundreds digit of 2040999?
9
What is the ten millions digit of 865126339?
6
What is the ten millions digit of 6572040346?
7
What is the hundred thousands digit of 680618438?
6
What is the millions digit of 44513180?
4
What is the thousands digit of 5581982452?
2
What is the hundreds digit of 40412154?
1
What is the hundreds digit of 546383316?
3
What is the units digit of 4592754456?
6
What is the tens digit of 74017928?
2
What is the hundred millions digit of 106879459?
1
What is the tens digit of 128306995?
9
What is the tens digit of 39451649?
4
What is the ten thousands digit of 12439797?
3
What is the thousands digit of 4347212073?
2
What is the hundred millions digit of 3034952779?
0
What is the units digit of 58470530?
0
What is the ten millions digit of 1230257635?
3
What is the tens digit of 4303600217?
1
What is the hundred thousands digit of 2585554530?
5
What is the millions digit of 54099771?
4
What is the thousands digit of 23595185?
5
What is the hundreds digit of 28930070?
0
What is the hundreds digit of 10017785?
7
What is the ten millions digit of 6901352936?
0
What is the thousands digit of 232421105?
1
What is the ten thousands digit of 708813805?
1
What is the tens digit of 122798130?
3
What is the ten millions digit of 830179125?
3
What is the hundreds digit of 416169149?
1
What is the units digit of 701055874?
4
What is the hundred thousands digit of 40165768?
1
What is the hundreds digit of 586520211?
2
What is the hundred millions digit of 271643777?
2
What is the tens digit of 1722530495?
9
What is the millions digit of 18790867?
8
What is the hundred thousands digit of 30768889?
7
What is the millions digit of 2025836721?
5
What is the hundreds digit of 59085428?
4
What is the ten millions digit of 34112424?
3
What is the hundreds digit of 147668584?
5
What is the millions digit of 115048925?
5
What is the thousands digit of 1618391727?
1
What is the ten thousands digit of 19224408?
2
What is the millions digit of 95547066?
5
What is the thousands digit of 15844110?
4
What is the units digit of 1164304510?
0
What is the hundred millions digit of 225913728?
2
What is the millions digit of 2752163177?
2
What is the ten millions digit of 51786944?
5
What is the hundred thousands digit of 261789349?
7
What is the ten millions digit of 562512632?
6
What is the thousands digit of 66583907?
3
What is the tens digit of 1082017065?
6
What is the billions digit of 2902057141?
2
What is the hundred millions digit of 582022